t of k(-2)?
8
Let o(h) = -h**3 + 5*h**2 + 6*h - 4. Let w be o(6). Suppose 6*q = q + 175. What is the units digit of 2/8 - q/w?
9
Let d(y) = -y + 9. Let z be d(7). Suppose -z*w + 1 = 2*r - w, -4*w = 3*r + 6. Suppose -3*t + 43 = 5*i, -t + 37 = r*t + 2*i. What is the tens digit of t?
1
Let r = -145 + 215. What is the units digit of r?
0
Let r = 35 + -22. What is the tens digit of r?
1
Let t = -4 - 1. What is the units digit of 2/10 + (-74)/t?
5
What is the tens digit of 20/15*99/2?
6
Let m(n) be the first derivative of -n**4/12 + n**3/6 + n**2 + 2*n + 3. Let r(x) be the first derivative of m(x). What is the units digit of r(0)?
2
Let z = -550 - -844. What is the tens digit of z?
9
Let d be 4*7*33/(-22). Let p = d - -70. What is the tens digit of p?
2
Suppose 4*k - 508 = -5*d, 3*d + 2*k = 114 + 190. What is the units digit of d?
0
Suppose -3*o - 9 = 9. What is the units digit of (o - -4)/((-4)/6)?
3
Suppose 24 = 3*t + 3*z, t + t + 3*z - 19 = 0. Suppose 5*p - t = 5. What is the units digit of p?
2
Let z = 36 + -30. What is the units digit of z?
6
Suppose -k - 12 = 3*w, 0 = -3*k + 4*w + 18 + 11. What is the units digit of k/((-4)/(240/(-9)))?
0
Suppose 0 = h + 4*p - 80, 0*p - 130 = -2*h - 2*p. Suppose -5*a + 2*f = -h, 48 = 4*a - 4*f + 5*f. What is the tens digit of a?
1
Let v = 3 - -2. Suppose 10 + 16 = w + 5*c, 0 = -v*w - 5*c + 70. What is the units digit of w?
1
Let o = -5 + 23. Let t = o + -15. What is the units digit of t?
3
Let i(l) = 4*l + 8. What is the tens digit of i(4)?
2
Suppose -r + 177 = 3*r - 3*c, -3*r + 164 = 4*c. Let u = r - 34. What is the units digit of u?
4
Let u(g) = 77*g + 5. What is the tens digit of u(1)?
8
Let u = 17 - 19. Let s(n) = -3*n**3 + 2*n + 3 + 4*n**2 + 4*n**3 + 2*n. What is the units digit of s(u)?
3
Let i(l) = l**2 - 2*l - 8. Let o be i(6). Suppose 47 = 3*a - o. What is the tens digit of a?
2
Suppose m - 133 = -q - q, -5*q = -3*m + 432. Suppose -s - 2*o = -62, -2*s = 4*o - 3*o - m. Suppose s = -7*t + 11*t. What is the units digit of t?
8
Let r(m) = m**3 + 4*m**2 - 7*m - 7. Let z be r(-5). Suppose 3*b + 30 = -z*i, 29 = -b - b - 5*i. What is the units digit of 2/7 + (-47)/b?
7
Suppose -5*q - 200 = -10*q. What is the units digit of q?
0
What is the units digit of ((-5)/5)/(1/(-22))?
2
Let c(u) = u**3 + u**2 - 2. Let n be c(3). Let d = n + -18. What is the tens digit of d?
1
Let y(z) = 3*z - 5. Let d be y(-8). Let l = -21 - d. Let m(n) = n**3 - 9*n**2 + 9*n + 4. What is the tens digit of m(l)?
1
Let t = 86 - 77. What is the units digit of t?
9
Suppose 0*a + 2*a - 3*x = 71, 0 = 3*a + 3*x - 69. What is the tens digit of a?
2
Suppose 3*c = -2*c. Suppose 3*z - 7*z + 24 = c. What is the units digit of z?
6
Let l(x) be the third derivative of x**6/120 - 7*x**5/60 - x**4/12 + 2*x**2. Let s be l(7). Let h = s + 28. What is the units digit of h?
4
What is the units digit of (-3 - -6)/((-9)/2)*-417?
8
Let v(m) = 9*m - 7. Let y be v(8). Let a = y - 45. What is the tens digit of a?
2
Suppose -k = -u + 4*k - 12, u - 12 = -3*k. Let c = u - 1. Suppose -8 = -v - m + 6*m, 4*m = -2*v + c. What is the units digit of v?
3
Let h = -23 - -10. Let p = h + 21. Suppose -3*o = -p*o + 30. What is the units digit of o?
6
Let i(q) = q**2 + 3*q + 3. Suppose 2*n + 5 + 3 = 0. Let r be i(n). What is the units digit of -2 - (2 + r)/(-3)?
1
Let o(z) = 13*z + 3. Let v be o(4). Suppose -20 - v = -5*w. What is the units digit of w?
5
Suppose -p + 2*i - 3*i = -12, -50 = -4*p - 5*i. Let y(n) = n**3 - 11*n**2 + 9*n + 5. Let t be y(p). What is the units digit of (4/t)/((-16)/200)?
0
Suppose 19 = -3*i - x + 283, -i + 88 = -3*x. What is the units digit of i?
8
Let h(l) be the second derivative of -7*l**4/12 - 3*l**2/2 + l. Let s be h(6). What is the units digit of s/(-20) - 1/(-4)?
3
Let f = -11 + -23. Let q = f - -72. What is the units digit of q?
8
Let p(a) = a**3 - 5*a**2 + 3*a + 6. Let g be p(5). Suppose g - 67 = -2*w. What is the units digit of w?
3
Let g = -6 - -16. What is the units digit of g?
0
Let a be 2/6*1*-6. What is the tens digit of (-5)/((-22)/10 - a)?
2
Suppose 3*m = 4*i, -13 = i + m - 5*m. Suppose -i*y = g + 2*g - 6, g - 12 = -3*y. Suppose -2*t + y + 11 = 0. What is the units digit of t?
8
Suppose 3*a = 31 + 2. What is the tens digit of a?
1
Suppose -19 - 30 = -7*b. What is the units digit of b?
7
Let y(m) = 2*m**3 + 4*m**3 - 5*m**3 + 9*m + 3 + 10*m**2. Let z be y(-9). Suppose z*r - r + 4*p = -18, 4 = -r - p. What is the units digit of r?
1
Suppose -10 = 3*w - w. Let s = 24 + w. What is the tens digit of s?
1
Let a(k) = -k - 6. Let f(w) = -2*w**2 - 5*w + 4. Let j be f(-4). Let n be a(j). Suppose 0 = -4*r, -n*s - 5*r + 12 = -4. What is the units digit of s?
8
Suppose 2*p = -3*c + 222, c - 63 + 396 = 3*p. What is the units digit of p?
1
Suppose 0 = -2*c - 48 + 132. Suppose -4*z = 5*d - c, 3*d - 1 + 3 = z. What is the units digit of z?
8
Suppose -4*l + i - 22 = 0, -2*l - i = l + 13. Let z(r) = -r - 3. Let b be z(l). Suppose 8 = -4*g + b*g, -f = 2*g + 7. What is the units digit of f?
1
Let k be (-3 - -3) + 0 + -2. Let f = k + 2. Let g(r) = -r**2 + 7. What is the units digit of g(f)?
7
Let i = 59 - -161. What is the tens digit of i?
2
Suppose 0 = -3*z, 0*z = -r - 2*z + 4. Suppose 0 = 5*p + 6*s - 2*s - 25, -r*s = 0. Let a(q) = q**3 - 5*q**2 + q. What is the units digit of a(p)?
5
Let l(m) = 50*m**2 - 1. What is the units digit of l(1)?
9
Let u(t) = 2*t**3 - 2*t**2 - t - 1. Let b be u(2). Suppose 3*l + 5 = -f - 0, -b*f = -l - 55. Suppose 2*y = 7*y - f. What is the units digit of y?
2
Let g be (-5 - 1) + (-6 - -8). Let y(d) = -d**3 - 3*d**2 + 2*d. What is the units digit of y(g)?
8
Let x = -8 + 23. What is the units digit of x?
5
Suppose -3*u = 2*u - 210. What is the tens digit of u?
4
Let r = 65 + -37. What is the tens digit of r?
2
What is the tens digit of (1 + (-474)/12)/(1/(-4))?
5
Let t = -15 + 9. Let d = -4 - t. What is the units digit of d?
2
Let r be (-5)/20 - 34/(-8). Suppose -r*u + 1 = -11. Suppose 0*v + v + n = 15, -u*n = 4*v - 61. What is the tens digit of v?
1
Suppose -5*k = 4*z - 772, 3*z - k = -0*z + 579. What is the hundreds digit of z?
1
Suppose -8 = -2*l + 6*l. Let z(v) be the second derivative of v**4/6 + v**3/6 + v**2/2 + v. What is the units digit of z(l)?
7
Let p be 62/12 - (-1)/(-6). Suppose 4*m + 3*f - 17 = 0, -2*m - f + 4 = -p. Suppose -4*h + m = -3*h. What is the units digit of h?
5
Let x(k) = -k + 1. Let f be x(-3). Suppose 0*d + 3*d = -f*l + 4, 5*d - 2 = -2*l. What is the units digit of l?
1
Suppose -5*f = 5*o - 5, -6 = 5*o - 9*o - 2*f. What is the units digit of (18/21)/(o/14)?
6
Let m(a) = a - 4. Let t be m(8). Suppose 5*c - 2*b - 22 + 6 = 0, -2*c - t*b = -16. Let w = c - 3. What is the units digit of w?
1
What is the units digit of (-12)/(-90) + (-17949)/(-45)?
9
Let v = -1 + -3. Let a be (v/5 + 0)*-5. Suppose -6 = -6*l + a*l, 33 = 3*q + 4*l. What is the units digit of q?
7
Suppose -5*s = -3*s - 8. Let k = s + 5. What is the units digit of k?
9
Suppose 4*o + 1 = s - 46, 5*s - 3*o = 167. What is the tens digit of s?
3
What is the hundreds digit of (-130)/(-39)*(-198)/(-4)?
1
Suppose 4*c = -4*q, 0*q + 4*c + 25 = q. Suppose 0*l - q*l = -30. What is the units digit of l?
6
Suppose -2*g + 29 = -3*s, 0*g + 2*s - 24 = -3*g. Let m be (1 - 1)/1 + g. Suppose 0 = -r + m. What is the units digit of r?
0
Let u(s) = 12*s**2 - 5*s - 3. What is the units digit of u(3)?
0
Let b(z) = -4*z**2 - 4*z**3 + 5*z**3 + 1 + 2. What is the tens digit of b(5)?
2
Suppose 0*h = -4*h + 8. Suppose -j = h*j - 114. What is the tens digit of j?
3
Let j(y) = -8*y - 14. Let p be j(-10). What is the tens digit of p/12*2*1?
1
Let o(a) = -a**3 + 3*a**2 - 2*a + 3. Let p be o(2). Suppose -2 - 8 = -w + p*q, -w - 11 = 4*q. Let z = w + 1. What is the units digit of z?
2
Suppose 0 = -r - r + 4*j + 282, 564 = 4*r - j. What is the tens digit of r?
4
Suppose -2*m + p + 55 = -54, 2*p - 94 = -2*m. What is the tens digit of m?
5
Let m(j) = j**3 + 6*j**2 + 2*j + 3. Let h be m(-4). Suppose 3 + h = 5*v. What is the units digit of v?
6
Let z = 11 - 0. What is the units digit of z?
1
Let y be (2/8)/((-1)/(-8)). Let i(j) = -3*j + 1 + 2*j**2 - j**2 + 2. What is the units digit of i(y)?
1
Let z(j) = -j**2 + 8*j + 6. Let a be z(8). Suppose -h - 3 = -a. What is the tens digit o